{"id":8747,"date":"2016-11-03T17:01:51","date_gmt":"2016-11-03T15:01:51","guid":{"rendered":"http:\/\/www.sabine-seyffert.de\/blog\/?page_id=8747"},"modified":"2024-02-15T10:31:37","modified_gmt":"2024-02-15T08:31:37","slug":"kooperationen","status":"publish","type":"page","link":"https:\/\/www.sabine-seyffert.de\/blog\/kooperationen\/","title":{"rendered":"Kooperationen"},"content":{"rendered":"<p><img loading=\"lazy\" decoding=\"async\" src=\"https:\/\/vg05.met.vgwort.de\/na\/9dc61afa14f44c88b8b57ae10a55384d\" alt=\"\" width=\"1\" height=\"1\" \/><\/p>\n<style>\n.img {  float: left; padding: 10px; margin: 15px;  text-align: center; width: 200px; height: 200px; position: relative; border-radius: 150px;  border: 2px solid #ddd; } .img1 { max-height: 150px; max-width: 150px; margin: 0;  position: absolute;  top: 50%;  left: 50%;  transform: translate(-50%, -50%);  border: 0;  outline: 0; } .img1:hover {  max-height: 160px; max-width: 160px; } <\/style>\n<p>Herzlich Willkommen auf meinem kreativen DIY Blog!<\/p>\n<p style=\"text-align: justify;\">Diesen Blog f\u00fclle ich regelm\u00e4\u00dfig und mehrfach die Woche mit kreativen DIY, pfiffigen Bastelideen f\u00fcr kleine Kinderh\u00e4nde, ausgefallenen Upcyclings, Motto Partys und Ideen rund um das Thema Kindergeburtstag, leckeren und gesunden Rezepten f\u00fcr die Familienk\u00fcche (vegetarisch &amp; vegan), Besch\u00e4ftigungsideen f\u00fcr Kinder, kleineren N\u00e4hprojekten, wertvollen Entspannungstipps, Stille\u00fcbungen &amp; Fantasiereisen f\u00fcr Kinder, Tipps zum Familienleben, spannenden Ausflugstipps, interessanten Dingen zur Ferienzeit sowie lebendigen Reiseberichte rund um den Familienurlaub.<\/p>\n<p style=\"text-align: justify;\">Als Autorin habe ich inzwischen mehr als 80 B\u00fccher bei unterschiedlichen Verlagen ver\u00f6ffentlicht. Meine B\u00fccher sind u.a. bei folgenden Verlagen erschienen: Annette Betz Verlag, AOL Verlag, Arena Verlag, Ars Edition, Bergmoser &amp; H\u00f6ller Verlag, Blooms, Coppenrath Verlag, Cornelsen, Edition Albarello, Falken Verlag, Frech Verlag, Herder Verlag, Humboldt, Klett-Cotta, K\u00f6sel, Menschenkinder, \u00d6kotopia, Ravensburger Verlag, Sailer Verlag und teilweise auch als <a href=\"https:\/\/www.sabine-seyffert.de\/international\" target=\"_blank\" rel=\"noopener\">fremdsprachige Lizenzausgaben<\/a> erh\u00e4ltlich.<\/p>\n<p style=\"text-align: justify;\">Viele meiner Geschichten sind auch als Tontr\u00e4ger erh\u00e4ltlich. Diese sind bei Lamp &amp; Sumfleth in der beliebten Reihe \u201eDie 30 Besten\u201c erschienen, bei Igel Records sowie Jumbo Records.<\/p>\n<p style=\"text-align: justify;\">Meine Publikationen sind auch in der <a href=\"https:\/\/portal.dnb.de\/opac\/simpleSearch?query=%22Sabine%22+and+%22Seyffert%22&amp;cqlMode=true\" target=\"_blank\" rel=\"noopener\">Deutschen Nationalbibliothek<\/a> zu finden (siehe auch Wikipedia: <a href=\"https:\/\/de.wikipedia.org\/wiki\/Sabine_Seyffert\" target=\"_blank\" rel=\"noopener\">Sabine Seyffert<\/a>).<\/p>\n<p style=\"text-align: justify;\">Au\u00dferdem bin ich als freie Journalistin regelm\u00e4\u00dfig f\u00fcr verschiedene Fachzeitschriften t\u00e4tig. Artikel von mir sind beispielsweise in der Zeitung \u201eTierfreund\u201c f\u00fcr Kinder zu finden, bei Kindergarten Heute, Musik in der Kita, Klein &amp; Gro\u00df, KIZZ, Welt des Kindes, WWD Wehfritz Wissenschaftlicher Dienst und auch der <a href=\"https:\/\/de.wikipedia.org\/wiki\/Spielen_und_Lernen\" target=\"_blank\" rel=\"noopener\">Spielen &amp; Lernen<\/a>.<\/p>\n<p style=\"text-align: justify;\">Im Rahmen von unterschiedlichen Buchprojekten habe ich mit den namhaften Firmen wie Uhu, Edding, Rayher Hobby und Rico Design zusammengearbeitet.<\/p>\n<p style=\"text-align: justify;\">Seit 1993 f\u00fchre ich in eigener Praxis Entspannungskurse f\u00fcr Kinder, Jugendliche und Erwachsene durch. Zudem biete ich qualifizierte Fortbildungen im Bereich \u201eEntspannung\u201c und Veranstaltungen zu meinen B\u00fcchern sowie Ausbildungsseminare zum \u201eEntspannungsp\u00e4dagogen f\u00fcr Kinder\u201c an.<\/p>\n<p style=\"text-align: justify;\">An verschiedenen Grundschulen veranstalte ich seit Jahren regelm\u00e4\u00dfig Kunst AGs, bei denen mit den Kindern kreativ gewerkelt wird. Haupts\u00e4chlich kommen dabei, wie auch bei den DIY Ideen auf meinem Blog, Alltagsmaterialien wie Klorollen, Eierkartons, Zeitungspapier, alte Buchseiten, Pappe \/ Karton, Korken, Deckel, Milcht\u00fcten, Kronkorken u.v.m. zum Einsatz.<\/p>\n<p style=\"text-align: justify;\">Wenn Sie Interesse an einer Zusammenarbeit mit mir als Autorin oder Entspannungsexpertin haben freue ich mich \u00fcber eine Kontaktaufnahme.<\/p>\n<p>Herzliche Gr\u00fc\u00dfe,<\/p>\n<p>Sabine Seyffert<\/p>\n<div style=\"max-width: 1050px; margin: auto;\">\n<div class=\"img\"><a href=\"https:\/\/lampundsumfleth.de\/die-30-besten\/\" target=\"_blank\" rel=\"noopener\"><img decoding=\"async\" class=\"img1\" src=\"https:\/\/www.sabine-seyffert.de\/pix\/logos\/30BestenFahneRotWeiss.jpg\" \/><\/a><\/div>\n<div class=\"img\"><a href=\"https:\/\/www.ueberreuter.de\/\" target=\"_blank\" rel=\"noopener\"><img decoding=\"async\" class=\"img1\" src=\"https:\/\/www.sabine-seyffert.de\/pix\/logos\/annette betz_Logo_4c.jpg\" \/><\/a><\/div>\n<div class=\"img\"><a href=\"https:\/\/www.arena-verlag.de\/\" target=\"_blank\" rel=\"noopener\"><img decoding=\"async\" class=\"img1\" src=\"https:\/\/www.sabine-seyffert.de\/pix\/logos\/ArenaLogo_blau.jpg\" \/><\/a><\/div>\n<div class=\"img\"><a href=\"https:\/\/www.coppenrath.de\/\" target=\"_blank\" rel=\"noopener\"><img decoding=\"async\" class=\"img1\" src=\"https:\/\/www.sabine-seyffert.de\/pix\/logos\/Coppenrath Logo-1.jpg\" \/><\/a><\/div>\n<div class=\"img\"><a href=\"https:\/\/www.edding.com\/de-de\/\" target=\"_blank\" rel=\"noopener\"><img decoding=\"async\" class=\"img1\" src=\"https:\/\/www.sabine-seyffert.de\/pix\/logos\/e_LOGO_R_48mm_4c_p.jpg\" \/><\/a><\/div>\n<div class=\"img\"><a href=\"https:\/\/www.topp-kreativ.de\/\" target=\"_blank\" rel=\"noopener\"><img decoding=\"async\" class=\"img1\" src=\"https:\/\/www.sabine-seyffert.de\/pix\/logos\/Frech Logo_72dpi_RGB.jpg\" \/><\/a><\/div>\n<div class=\"img\"><a href=\"https:\/\/www.oetinger.de\/verlagsgruppe\/igel-records\" target=\"_blank\" rel=\"noopener\"><img decoding=\"async\" class=\"img1\" src=\"https:\/\/www.sabine-seyffert.de\/pix\/logos\/Igel_magenta.jpg\" \/><\/a><\/div>\n<div class=\"img\"><a href=\"https:\/\/www.jumboverlag.de\/\" target=\"_blank\" rel=\"noopener\"><img decoding=\"async\" class=\"img1\" src=\"https:\/\/www.sabine-seyffert.de\/pix\/logos\/jumbo_ELE4CCD.jpg\" \/><\/a><\/div>\n<div class=\"img\"><a href=\"https:\/\/www.penguin.de\/Verlag\/Koesel\/40000.rhd\" target=\"_blank\" rel=\"noopener\"><img decoding=\"async\" class=\"img1\" src=\"https:\/\/www.sabine-seyffert.de\/pix\/logos\/Koesel_logo_lila_cmyk.jpg\" \/><\/a><\/div>\n<div class=\"img\"><a href=\"https:\/\/www.uhu.de\/de\" target=\"_blank\" rel=\"noopener\"><img decoding=\"async\" class=\"img1\" src=\"https:\/\/www.sabine-seyffert.de\/pix\/logos\/Logo UHU_300dpi_350x205mm_C_NR-30338.jpg\" \/><\/a><\/div>\n<div class=\"img\"><a href=\"https:\/\/www.cornelsen.de\/\" target=\"_blank\" rel=\"noopener\"><img decoding=\"async\" class=\"img1\" src=\"https:\/\/www.sabine-seyffert.de\/pix\/logos\/logo_Cornelsen.jpg\" \/><\/a><\/div>\n<div class=\"img\"><a href=\"https:\/\/www.humboldt.de\/\" target=\"_blank\" rel=\"noopener\"><img decoding=\"async\" class=\"img1\" src=\"https:\/\/www.sabine-seyffert.de\/pix\/logos\/Logo_humboldt_print.jpg\" \/><\/a><\/div>\n<div class=\"img\"><a href=\"https:\/\/www.rayher.com\/de\/\" target=\"_blank\" rel=\"noopener\"><img decoding=\"async\" class=\"img1\" src=\"https:\/\/www.sabine-seyffert.de\/pix\/logos\/Rayher-Wortmarke_RGB_10cm_72dpi.jpg\" \/><\/a><\/div>\n<div class=\"img\"><a href=\"https:\/\/www.rico-design.com\/\" target=\"_blank\" rel=\"noopener\"><img decoding=\"async\" class=\"img1\" src=\"https:\/\/www.sabine-seyffert.de\/pix\/logos\/Rico Design Logo.jpg\" \/><\/a><\/div>\n<div class=\"img\"><a href=\"https:\/\/www.sailer-verlag.de\/\" target=\"_blank\" rel=\"noopener\"><img decoding=\"async\" class=\"img1\" src=\"https:\/\/www.sabine-seyffert.de\/pix\/logos\/sailer-logo2019_color_RGB_R02.jpg\" \/><\/a><\/div>\n<div class=\"img\"><a href=\"https:\/\/www.klett-cotta.de\/\" target=\"_blank\" rel=\"noopener\"><img decoding=\"async\" class=\"img1\" src=\"https:\/\/www.sabine-seyffert.de\/pix\/logos\/Sans_Wort_Bild_153 Klett Cotta.jpg\" \/><\/a><\/div>\n<div class=\"img\"><a href=\"https:\/\/www.scolix.de\/\" target=\"_blank\" rel=\"noopener\"><img decoding=\"async\" class=\"img1\" src=\"https:\/\/www.sabine-seyffert.de\/pix\/logos\/scolix-horizontal-pos-RGB-1.jpg\" \/><\/a><\/div>\n<div style=\"clear: both;\"><\/div>\n<\/div>\n","protected":false},"excerpt":{"rendered":"<p>Herzlich Willkommen auf meinem kreativen DIY Blog! Diesen Blog f\u00fclle ich regelm\u00e4\u00dfig und mehrfach die Woche mit kreativen DIY, pfiffigen Bastelideen f\u00fcr kleine Kinderh\u00e4nde, ausgefallenen Upcyclings, Motto Partys und Ideen rund um das Thema Kindergeburtstag, leckeren und gesunden Rezepten f\u00fcr die Familienk\u00fcche (vegetarisch &amp; vegan), Besch\u00e4ftigungsideen f\u00fcr Kinder, kleineren N\u00e4hprojekten, wertvollen Entspannungstipps, Stille\u00fcbungen &amp; Fantasiereisen&#8230; <a href=\"https:\/\/www.sabine-seyffert.de\/blog\/kooperationen\/\" class=\"more-link\">Read more: Kooperationen<\/a><\/p>\n","protected":false},"author":2,"featured_media":0,"parent":0,"menu_order":4,"comment_status":"closed","ping_status":"closed","template":"","meta":{"_metis_text_type":"standard","_metis_text_length":2709,"_post_count":0,"footnotes":""},"class_list":["post-8747","page","type-page","status-publish","hentry"],"_links":{"self":[{"href":"https:\/\/www.sabine-seyffert.de\/blog\/wp-json\/wp\/v2\/pages\/8747","targetHints":{"allow":["GET"]}}],"collection":[{"href":"https:\/\/www.sabine-seyffert.de\/blog\/wp-json\/wp\/v2\/pages"}],"about":[{"href":"https:\/\/www.sabine-seyffert.de\/blog\/wp-json\/wp\/v2\/types\/page"}],"author":[{"embeddable":true,"href":"https:\/\/www.sabine-seyffert.de\/blog\/wp-json\/wp\/v2\/users\/2"}],"replies":[{"embeddable":true,"href":"https:\/\/www.sabine-seyffert.de\/blog\/wp-json\/wp\/v2\/comments?post=8747"}],"version-history":[{"count":20,"href":"https:\/\/www.sabine-seyffert.de\/blog\/wp-json\/wp\/v2\/pages\/8747\/revisions"}],"predecessor-version":[{"id":27488,"href":"https:\/\/www.sabine-seyffert.de\/blog\/wp-json\/wp\/v2\/pages\/8747\/revisions\/27488"}],"wp:attachment":[{"href":"https:\/\/www.sabine-seyffert.de\/blog\/wp-json\/wp\/v2\/media?parent=8747"}],"curies":[{"name":"wp","href":"https:\/\/api.w.org\/{rel}","templated":true}]}}