{"id":12538,"date":"2018-05-24T11:45:42","date_gmt":"2018-05-24T09:45:42","guid":{"rendered":"https:\/\/www.sabine-seyffert.de\/blog\/?page_id=12538"},"modified":"2018-07-01T10:14:21","modified_gmt":"2018-07-01T08:14:21","slug":"datenschutzerklaerung","status":"publish","type":"page","link":"https:\/\/www.sabine-seyffert.de\/blog\/datenschutzerklaerung\/","title":{"rendered":"Datenschutzerkl\u00e4rung"},"content":{"rendered":"<h2>1. Betreiber der Seite<\/h2>\n<p>Betreiber der Seite sabine-seyffert.de ist Sabine Seyffert, Wuppertal<\/p>\n<p><img decoding=\"async\" src=\"https:\/\/www.sabine-seyffert.de\/impressum.jpg\"><\/p>\n<p><a href=\/blog\/?page_id=32\">Kontakt<\/a><\/p>\n<p>Domain-Inhaber und Webmaster der Seite ist Oliver Seyffert, net-auftritt.de, Wuppertal &#8211; <a href=\"https:\/\/www.net-auftritt.de\/kontakt.html\" target=\"_blank\" rel=\"noopener\">Kontakt<\/a><\/p>\n<p>&nbsp;<\/p>\n<h2>2. Ihre Daten<\/h2>\n<p>Der Schutz Ihrer Daten ist uns wichtig. Die Nutzung dieser Webseite ist ohne Angabe personenbezogener Daten m\u00f6glich.<br \/>\nWir speichern m\u00f6glichst wenig Daten von Ihnen. Es werden KEINE Daten an Dritte weitergegeben!<\/p>\n<p>Hinweis: die Daten\u00fcbertragung im Internet (z. B. bei der Kommunikation per E-Mail) KANN Sicherheitsl\u00fccken aufweisen. Ein l\u00fcckenloser Schutz der Daten vor dem Zugriff durch Dritte ist daher nicht 100% m\u00f6glich. Bitte seien Sie so datensparsam wie m\u00f6glich &#8211; wir tun auf unserer Seite auch unser bestes, dass Ihre Daten sicher sind.<\/p>\n<p>Die Bereitstellung Ihrer personenbezogenen Daten ist nicht gesetzlich oder vertraglich vorgeschrieben.<br \/>\nSie sind nicht verpflichtet, die personenbezogenen Daten bereitzustellen.<\/p>\n<p><b>System-Log-Files<\/b><\/p>\n<p>Der Server, auf dem diese Seite l\u00e4uft, speichert automatisch Informationen in so genannten Logfiles, die Ihr Browser automatisch an uns \u00fcbermittelt. Das sieht z.B. so aus:<\/p>\n<pre style=\"padding: 2px; font-size: 10.5pt;\">93.192.147.11 - - [06\/May\/2018:15:19:03 +0000] \"GET \/favicon.ico HTTP\/1.1\" \r\n200 766  \"-\" \"Mozilla\/5.0 (Windows NT 10.0; Win64; x64; rv:59.0) \r\nGecko\/20100101 Firefox\/59.0\"<\/pre>\n<p>D.h. es werden bei jedem Seitenaufruf IP-Adresse, Datum, Uhrzeit, aufgerufene Datei, Browser, Betriebsystem und ggf. die aufrufende Seite gespeichert.<\/p>\n<p>Diese Logdaten werden nur in Notf\u00e4llen eingesehen (z.B. Einbruchsverdacht) und sind i.d.R. keiner bestimmten Personen zuzuordnen (m\u00f6glicherweise aber f\u00fcr ermittelnde Beh\u00f6rde \u00fcber Vorratsdaten der Provider bei Verdacht einer Straftat). Bei uns wird keine weitere Zusammenf\u00fchrung mit anderen Daten vorgenommen.<\/p>\n<h3>Kommentare<\/h3>\n<p>Wenn Besucher Kommentare auf der Website schreiben, sammeln wir die Daten, die im Kommentar-Formular angezeigt werden. Die IP-Adresse des Besuchers wird nur anonymisiert beim Kommentar gespeichert (nur das 1. Oktett, 2.-4. Oktett ausgext &#8211; z.B. 93.x.x.x statt 93.192.147.11).<\/p>\n<p>Aus der E-Mail-Adresse kann eine anonymisierte Zeichenfolge erstellt (auch Hash genannt) und dem Gravatar-Dienst \u00fcbergeben werden, um zu pr\u00fcfen, ob Sie diese benutzt. Die Datenschutzerkl\u00e4rung des Gravatar-Dienstes findet sich hier: https:\/\/automattic.com\/privacy\/. Nachdem der Kommentar freigegeben wurde, ist das Profilbild \u00f6ffentlich im Kontext Ihres Kommentars sichtbar.<br \/>\nDie Verwendung des Gravatar-Dienstes wird ansonsten lokal und damit m\u00f6glichst minimal gehalten (Plugin: Simple Local Avatars).<\/p>\n<h3>Cookies<\/h3>\n<p>Wenn Sie einen Kommentar auf unserer Website schreiben, kann Ihr Namen, E-Mail-Adresse und Website in Cookies gespeichert werden. Dies ist eine Komfortfunktion, damit Sie nicht, wenn Sie einen weiteren Kommentar schreiben, all diese Daten erneut eingeben m\u00fcssen. Diese Cookies werden ein Jahr lang gespeichert.<\/p>\n<p>Daten werden vertraulich behandelt.<\/p>\n<p>Personenbezogenen Daten werden nicht weiterverarbeitet.<\/p>\n<p>&nbsp;<\/p>\n<h2>3. Zweck der Seite<\/h2>\n<p>Auf diesem Blog werden B\u00fccher und Ideen der Autorin Sabine Seyffert vorgestellt sowie sonstige Inhalte in einem Webblog dem interessierten Leser bereitgestellt.<\/p>\n<p>&nbsp;<\/p>\n<h2>4. Dritte &#8211; wer <i>k\u00f6nnte<\/i> ihre Daten sehen?<\/h2>\n<p>Neben den Seitenbetreibern aus Deutschland (s.o.) wird die Seite auf einem Server des <b>Providers<\/b> xirra, N\u00fcrnberg gehostet.<\/p>\n<p>&nbsp;<\/p>\n<h2>5. Cookies, Tracker, Social-Plugins, Webfonts, Werbe-Ads, Analyse-Werkzeuge<\/h2>\n<p>Es wurde darauf geachtet, Dienste und Plugins, die Daten an andere Server \u00fcbermitteln, zu deaktivieren. D.h.<\/p>\n<ul>\n<li>Captcha bei Kommentare (Mathe-Aufgabe) &#8211; wird nicht mehr von einem anderen Server geliefert, sondern lokal eingebunden (Plugin: Securimage-WP)<\/li>\n<li>Plugin Antispam Bee &#8211; alle Funktionen mit Kommunikation zu anderen Servern sind deaktiviert (\u00d6ffentliche Spamdatenbank ber\u00fccksichtigen, Kommentare aus bestimmten L\u00e4ndern blockieren, Kommentare nur in einer bestimmten Sprache zulassen)<\/li>\n<li>Schriftarten &#8211; werden nicht mehr von G.Webfonts o.\u00e4. gelanden, sondern sind nun lokal eingebunden<\/li>\n<li>Analyse-Werkzeuge (Analytics o.\u00e4.) \u00fcber anderen Server werden nicht eingesetzt (nur die lokale Server-Statistik)<\/li>\n<\/ul>\n<p>einzige Ausnahmen: bei Kommentaren ggf. der unter <b>2. Kommentare<\/b> genannte Gravatar-Dienst, und der Z\u00e4hlpixel der VG Wort:<\/p>\n<h3>VG Wort<\/h3>\n<p>\u00dcber die VG Wort, M\u00fcnchen ist zur Messung von Zugriffen auf Texte ein sog. Z\u00e4hlpixel eingebunden. Die VG Wort erh\u00e4lt so nicht nur Kenntnis \u00fcber die Anzahl der Aufrufe eines Artikels, was zur Verg\u00fctung von gesetzlichen Anspr\u00fcchen von Autoren und Verlagen genutzt wird, sondern auch \u00fcber IP und Zeitpunkt des Aufrufs. Dieses Verfahren erm\u00f6glicht, an der Aussch\u00fcttungen der VG Wort teilzunehmen, die die gesetzliche Verg\u00fctung f\u00fcr die Nutzungen urheberrechtlich gesch\u00fctzter Werke gem. \u00a7 53 UrhG sicherstellt.<\/p>\n<p>&nbsp;<\/p>\n<h2>6. Zeitpunkt und Dauer der Verarbeitung<\/h2>\n<p>\u00c4ltere Server Logfiles werden regelm\u00e4ssig gel\u00f6scht.<\/p>\n<p>Wenn Sie einen Kommentar schreiben, wird dieser inklusive Metadaten zeitlich unbegrenzt gespeichert. Auf diese Art k\u00f6nnen wir Folgekommentare automatisch erkennen und freigeben, anstelle sie in einer Moderations-Warteschlange festzuhalten.<\/p>\n<p>&nbsp;<\/p>\n<h2>7. Widerspruch gegen Datenverarbeitung<\/h2>\n<p>Sie haben das Recht, der Verarbeitung und Speicherung Ihrer Daten jederzeit zu widersprechen. Einfach kurze Mail: &#8211; <a href=\"\/blog\/?page_id=32\">Kontakt<\/a><\/p>\n<p>Dar\u00fcber hinaus k\u00f6nnen Sie die L\u00f6schung aller personenbezogenen Daten, die wir von Ihnen gespeichert haben, anfordern. Dies umfasst nicht die Daten, die wir aufgrund administrativer, rechtlicher oder sicherheitsrelevanter Notwendigkeiten aufbewahren m\u00fcssen.<\/p>\n<p>&nbsp;<\/p>\n<h2>8. Auskunftsrecht<\/h2>\n<p>Sie haben jederzeit die M\u00f6glichkeit, unentgeltlich Auskunft \u00fcber die zu Ihrer Person gespeicherten personenbezogenen Daten zu verlangen: <a href=\"kontakt.html\">Kontakt<\/a><\/p>\n<p>Wenn Sie ein Konto auf dieser Website besitzten oder Kommentare geschrieben haben, k\u00f6nnen Sie einen Export Ihrer personenbezogenen Daten bei uns anfordern, inklusive aller Daten, die Sie uns mitgeteilt haben.<\/p>\n<p>&nbsp;<\/p>\n<h2>9. Widerrufsrecht<\/h2>\n<p>Sie k\u00f6nnen die Einwilligung zur Verarbeitung und Speicherung Ihrer Daten jederzeit widerrufen: <a href=\"\/blog\/?page_id=32\">Kontakt<\/a><\/p>\n<p>&nbsp;<\/p>\n<h2>10. Beschwerderecht<\/h2>\n<p>Sie haben ein Beschwerderecht bei der entspr. Aufsichtsbeh\u00f6rde NRW: <a href=\"https:\/\/www.bfdi.bund.de\/SharedDocs\/Adressen\/LfD\/NordrheinWestfalen.html?nn=5217144\" target=\"_blank\" rel=\"noopener\">Landesbeauftragte f\u00fcr Datenschutz und Informationsfreiheit Nordrhein-Westfalen, D\u00fcsseldorf<\/a> oder &#8220;bei der Aufsichtsbeh\u00f6rde deines \u00fcblichen Aufenthaltsortes oder Arbeitsplatzes&#8221;.<br \/>\nSollten Sie Grund zur Beschwerde haben, w\u00fcrden wir Sie herzlich bitten uns zuerst zu kontaktieren: &#8211; <a href=\"\/blog\/?page_id=32\">Kontakt<\/a><\/p>\n<p>Stand 23. Mai 2018<\/p>\n","protected":false},"excerpt":{"rendered":"<p>1. Betreiber der Seite Betreiber der Seite sabine-seyffert.de ist Sabine Seyffert, Wuppertal<\/p>\n","protected":false},"author":1,"featured_media":0,"parent":0,"menu_order":5,"comment_status":"closed","ping_status":"closed","template":"","meta":{"_metis_text_type":"standard","_metis_text_length":92,"_post_count":0,"footnotes":""},"class_list":["post-12538","page","type-page","status-publish","hentry"],"_links":{"self":[{"href":"https:\/\/www.sabine-seyffert.de\/blog\/wp-json\/wp\/v2\/pages\/12538","targetHints":{"allow":["GET"]}}],"collection":[{"href":"https:\/\/www.sabine-seyffert.de\/blog\/wp-json\/wp\/v2\/pages"}],"about":[{"href":"https:\/\/www.sabine-seyffert.de\/blog\/wp-json\/wp\/v2\/types\/page"}],"author":[{"embeddable":true,"href":"https:\/\/www.sabine-seyffert.de\/blog\/wp-json\/wp\/v2\/users\/1"}],"replies":[{"embeddable":true,"href":"https:\/\/www.sabine-seyffert.de\/blog\/wp-json\/wp\/v2\/comments?post=12538"}],"version-history":[{"count":8,"href":"https:\/\/www.sabine-seyffert.de\/blog\/wp-json\/wp\/v2\/pages\/12538\/revisions"}],"predecessor-version":[{"id":12959,"href":"https:\/\/www.sabine-seyffert.de\/blog\/wp-json\/wp\/v2\/pages\/12538\/revisions\/12959"}],"wp:attachment":[{"href":"https:\/\/www.sabine-seyffert.de\/blog\/wp-json\/wp\/v2\/media?parent=12538"}],"curies":[{"name":"wp","href":"https:\/\/api.w.org\/{rel}","templated":true}]}}