{"id":262,"date":"2013-01-29T18:19:25","date_gmt":"2013-01-29T16:19:25","guid":{"rendered":"http:\/\/www.sabine-seyffert.de\/blog\/wp-content\/uploads\/2013\/01\/Weihnachtsgr\u00fc\u00dfe-im-Januar-1.jpg"},"modified":"2013-01-29T18:19:25","modified_gmt":"2013-01-29T16:19:25","slug":"weihnachtsgruse-im-januar-1","status":"inherit","type":"attachment","link":"https:\/\/www.sabine-seyffert.de\/blog\/weihnachtspost-im-januar\/weihnachtsgruse-im-januar-1\/","title":{"rendered":"Weihnachtsgr\u00fc\u00dfe im Januar 1"},"author":1,"featured_media":0,"comment_status":"open","ping_status":"open","template":"","meta":[],"class_list":["post-262","attachment","type-attachment","status-inherit","hentry"],"description":{"rendered":"<p class=\"attachment\"><a href='https:\/\/www.sabine-seyffert.de\/blog\/wp-content\/uploads\/2013\/01\/Weihnachtsgr\u00fc\u00dfe-im-Januar-1.jpg'><img loading=\"lazy\" decoding=\"async\" width=\"222\" height=\"300\" src=\"https:\/\/www.sabine-seyffert.de\/blog\/wp-content\/uploads\/2013\/01\/Weihnachtsgr\u00fc\u00dfe-im-Januar-1-222x300.jpg\" class=\"attachment-medium size-medium\" alt=\"\" srcset=\"https:\/\/www.sabine-seyffert.de\/blog\/wp-content\/uploads\/2013\/01\/Weihnachtsgr\u00fc\u00dfe-im-Januar-1-222x300.jpg 222w, https:\/\/www.sabine-seyffert.de\/blog\/wp-content\/uploads\/2013\/01\/Weihnachtsgr\u00fc\u00dfe-im-Januar-1-759x1024.jpg 759w, https:\/\/www.sabine-seyffert.de\/blog\/wp-content\/uploads\/2013\/01\/Weihnachtsgr\u00fc\u00dfe-im-Januar-1.jpg 800w\" sizes=\"auto, (max-width: 222px) 100vw, 222px\" \/><\/a><\/p>\n"},"caption":{"rendered":""},"alt_text":"","media_type":"image","mime_type":"image\/jpeg","media_details":{"width":800,"height":1079,"file":"2013\/01\/Weihnachtsgr\u00fc\u00dfe-im-Januar-1.jpg","sizes":{"thumbnail":{"file":"Weihnachtsgr\u00fc\u00dfe-im-Januar-1-150x150.jpg","width":150,"height":150,"mime_type":"image\/jpeg","source_url":"https:\/\/www.sabine-seyffert.de\/blog\/wp-content\/uploads\/2013\/01\/Weihnachtsgr\u00fc\u00dfe-im-Januar-1-150x150.jpg"},"medium":{"file":"Weihnachtsgr\u00fc\u00dfe-im-Januar-1-222x300.jpg","width":222,"height":300,"mime_type":"image\/jpeg","source_url":"https:\/\/www.sabine-seyffert.de\/blog\/wp-content\/uploads\/2013\/01\/Weihnachtsgr\u00fc\u00dfe-im-Januar-1-222x300.jpg"},"large":{"file":"Weihnachtsgr\u00fc\u00dfe-im-Januar-1-759x1024.jpg","width":759,"height":1024,"mime_type":"image\/jpeg","source_url":"https:\/\/www.sabine-seyffert.de\/blog\/wp-content\/uploads\/2013\/01\/Weihnachtsgr\u00fc\u00dfe-im-Januar-1-759x1024.jpg"},"full":{"file":"Weihnachtsgr\u00fc\u00dfe-im-Januar-1.jpg","width":800,"height":1079,"mime_type":"image\/jpeg","source_url":"https:\/\/www.sabine-seyffert.de\/blog\/wp-content\/uploads\/2013\/01\/Weihnachtsgr\u00fc\u00dfe-im-Januar-1.jpg"}},"image_meta":{"aperture":0,"credit":"","camera":"","caption":"","created_timestamp":0,"copyright":"","focal_length":0,"iso":0,"shutter_speed":0,"title":""}},"post":255,"source_url":"https:\/\/www.sabine-seyffert.de\/blog\/wp-content\/uploads\/2013\/01\/Weihnachtsgr\u00fc\u00dfe-im-Januar-1.jpg","_links":{"self":[{"href":"https:\/\/www.sabine-seyffert.de\/blog\/wp-json\/wp\/v2\/media\/262","targetHints":{"allow":["GET"]}}],"collection":[{"href":"https:\/\/www.sabine-seyffert.de\/blog\/wp-json\/wp\/v2\/media"}],"about":[{"href":"https:\/\/www.sabine-seyffert.de\/blog\/wp-json\/wp\/v2\/types\/attachment"}],"author":[{"embeddable":true,"href":"https:\/\/www.sabine-seyffert.de\/blog\/wp-json\/wp\/v2\/users\/1"}],"replies":[{"embeddable":true,"href":"https:\/\/www.sabine-seyffert.de\/blog\/wp-json\/wp\/v2\/comments?post=262"}]}}

http://www.sabine-seyffert.de/blog/wp-content/uploads/2013/01/Weihnachtsgrüße-im-Januar-1.jpg

Weihnachtsgrüße im Januar 1

<p class="attachment"><a href='https://www.sabine-seyffert.de/blog/wp-content/uploads/2013/01/Weihnachtsgrüße-im-Januar-1.jpg'><img loading="lazy" decoding="async" width="222" height="300" src="https://www.sabine-seyffert.de/blog/wp-content/uploads/2013/01/Weihnachtsgrüße-im-Januar-1-222x300.jpg" class="attachment-medium size-medium" alt="" srcset="https://www.sabine-seyffert.de/blog/wp-content/uploads/2013/01/Weihnachtsgrüße-im-Januar-1-222x300.jpg 222w, https://www.sabine-seyffert.de/blog/wp-content/uploads/2013/01/Weihnachtsgrüße-im-Januar-1-759x1024.jpg 759w, https://www.sabine-seyffert.de/blog/wp-content/uploads/2013/01/Weihnachtsgrüße-im-Januar-1.jpg 800w" sizes="auto, (max-width: 222px) 100vw, 222px" /></a></p>

2013/01/Weihnachtsgrüße-im-Januar-1.jpg

Weihnachtsgrüße-im-Januar-1-150x150.jpg

https://www.sabine-seyffert.de/blog/wp-content/uploads/2013/01/Weihnachtsgrüße-im-Januar-1-150x150.jpg

Weihnachtsgrüße-im-Januar-1-222x300.jpg

https://www.sabine-seyffert.de/blog/wp-content/uploads/2013/01/Weihnachtsgrüße-im-Januar-1-222x300.jpg

Weihnachtsgrüße-im-Januar-1-759x1024.jpg

https://www.sabine-seyffert.de/blog/wp-content/uploads/2013/01/Weihnachtsgrüße-im-Januar-1-759x1024.jpg

Weihnachtsgrüße-im-Januar-1.jpg

https://www.sabine-seyffert.de/blog/wp-content/uploads/2013/01/Weihnachtsgrüße-im-Januar-1.jpg
